{"id":20,"date":"2011-01-11T14:29:34","date_gmt":"2011-01-11T19:29:34","guid":{"rendered":"http:\/\/citizenstrade.org\/draft\/el-tratado-de-libre-comercio-con-centroamerica\/"},"modified":"2011-05-18T03:44:45","modified_gmt":"2011-05-18T07:44:45","slug":"el-tratado-de-libre-comercio-con-centroamerica","status":"publish","type":"page","link":"https:\/\/www.citizenstrade.org\/ctc\/en-espanol\/el-tratado-de-libre-comercio-con-centroamerica\/","title":{"rendered":"El Tratado de Libre Comercio con Centroamerica"},"content":{"rendered":"<p>El Tratado de Libre Comercio Estados Unidos &#8211; Centroam\u00e9rica (TLC, o CAFTA por sus siglas en ingl\u00e9s) es un tratado regional de libre comercio entre los Estados Unidos y seis paises: Guatemala, El Salvador, Nicaragua, Honduras, Costa Rica; La Rep\u00fablica Dominicana se hizo parte del pacto en marzo de 2004, despu\u00e9s de que terminaron las negociaciones con los paises Centroam\u00e9ricanos. El CAFTA est\u00e1 vigente entre todos los paises mencionados, menos Costa Rica, que todav\u00eda no ha ratifiado el tratado.<\/p>\n<p><strong>Informes y Ojas de datos<\/strong><br \/>\n<a href=\"https:\/\/www.citizenstrade.org\/ctc\/wp-content\/uploads\/2011\/05\/ctc_caftafactspanish_april2004.pdf\" target=\"_blank\">\u00bfQue es el TLC EEUU &#8211; Centroamerica(CAFTA)?<\/a> Citizens Trade Campaign<br \/>\n<a href=\"https:\/\/www.citizenstrade.org\/ctc\/wp-content\/uploads\/2011\/05\/unite_job_loss_span.pdf\" target=\"_blank\">Nuestros Trabajos Son Importantes: La Estabilidad del Empleo y el Comercio<\/a> UNITE! Union<br \/>\n<a href=\"https:\/\/www.citizenstrade.org\/ctc\/wp-content\/uploads\/2011\/05\/posiciondelmovimentosocialorganizadodeelsalv_02222006.pdf\" target=\"_blank\">Posicion Demovimento Social Organizado de El Salvador<\/a> 22 de febrero 2006<br \/>\n<a href=\"https:\/\/www.citizenstrade.org\/ctc\/wp-content\/uploads\/2011\/05\/elsalvador_procuradoradh_pronunciamientotlc.pdf\" target=\"_blank\">La Procuradora para la Defensa de los Derechos Humanos ante la eventual ratificaci\u00f3n del Tratado de Libre Comercio entre Centroam\u00e9rica y Estados Unidos<\/a> 13 de diciembre 2004<br \/>\n<a href=\"https:\/\/www.citizenstrade.org\/ctc\/wp-content\/uploads\/2011\/01\/ctc_tlcpr_mayo2004.pdf\" target=\"_blank\">Comunicado de Prensa de Citizens Trade Campaign Sobre el TLC(CAFTA)<\/a>  28 de mayo 2004<br \/>\n<a href=\"https:\/\/www.citizenstrade.org\/ctc\/en-espanol\/informaciones\/#alca\">Ver m\u00e1s informaci\u00f3n sobre el TLC\/CAFTA en Espa\u00f1ol<\/a><\/p>\n<p><strong>Articulos<\/strong><br \/>\n<a href=\"https:\/\/www.citizenstrade.org\/ctc\/wp-content\/uploads\/2011\/05\/reuters_vpinvestigadoescandalocafta_09122007.pdf\" target=\"_blank\">Vicepresidente Costa Rica es investigado por esc\u00e1ndalo CAFTA<\/a>Reuters, 12 de septiembre, 2007<br \/>\n<a href=\"https:\/\/www.citizenstrade.org\/ctc\/wp-content\/uploads\/2011\/05\/prensalibre_guatehambre_02052005.pdf\" target=\"_blank\">Relator alarmado por hambre en el pa\u00eds<\/a> Prensa Libre, 5 de febrero 2005<br \/>\n<a href=\"https:\/\/www.citizenstrade.org\/ctc\/wp-content\/uploads\/2011\/05\/afp_costaricaconfrontacion_01252005.pdf\" target=\"_blank\">TLC causa confrontaci\u00f3n en Costa Rica<\/a> Agence France Presse, 25 de enero 2005<br \/>\n<a href=\"https:\/\/www.citizenstrade.org\/ctc\/wp-content\/uploads\/2011\/05\/acanefe_asesinatosindical_11122004.pdf\" target=\"_blank\">Organizaci\u00f3n laboral denuncia asesinato de sindicalista de EEUU<\/a> ACAN-EFE, 12 de noviembre 2004<br \/>\n<a href=\"https:\/\/www.citizenstrade.org\/ctc\/wp-content\/uploads\/2011\/05\/tiempolatino_pcampos_tlcoposicion_07162004.pdf\" target=\"_blank\">Aumenta la oposici\u00f3n al TLC<\/a> El Tiempo Latino, el 16 de julio 2004<\/p>\n","protected":false},"excerpt":{"rendered":"<p>El Tratado de Libre Comercio Estados Unidos &#8211; Centroam\u00e9rica (TLC, o CAFTA por sus siglas en ingl\u00e9s) es un tratado regional de libre comercio entre los Estados Unidos y seis [&hellip;]<\/p>\n","protected":false},"author":1,"featured_media":0,"parent":12,"menu_order":0,"comment_status":"closed","ping_status":"closed","template":"","meta":[],"yoast_head":"<!-- This site is optimized with the Yoast SEO plugin v18.4.1 - https:\/\/yoast.com\/wordpress\/plugins\/seo\/ -->\n<title>El Tratado de Libre Comercio con Centroamerica - Citizens Trade Campaign<\/title>\n<meta name=\"robots\" content=\"index, follow, max-snippet:-1, max-image-preview:large, max-video-preview:-1\" \/>\n<link rel=\"canonical\" href=\"https:\/\/www.citizenstrade.org\/ctc\/en-espanol\/el-tratado-de-libre-comercio-con-centroamerica\/\" \/>\n<meta property=\"og:locale\" content=\"en_US\" \/>\n<meta property=\"og:type\" content=\"article\" \/>\n<meta property=\"og:title\" content=\"El Tratado de Libre Comercio con Centroamerica - Citizens Trade Campaign\" \/>\n<meta property=\"og:description\" content=\"El Tratado de Libre Comercio Estados Unidos &#8211; Centroam\u00e9rica (TLC, o CAFTA por sus siglas en ingl\u00e9s) es un tratado regional de libre comercio entre los Estados Unidos y seis [&hellip;]\" \/>\n<meta property=\"og:url\" content=\"https:\/\/www.citizenstrade.org\/ctc\/en-espanol\/el-tratado-de-libre-comercio-con-centroamerica\/\" \/>\n<meta property=\"og:site_name\" content=\"Citizens Trade Campaign\" \/>\n<meta property=\"article:modified_time\" content=\"2011-05-18T07:44:45+00:00\" \/>\n<meta name=\"twitter:label1\" content=\"Est. reading time\" \/>\n\t<meta name=\"twitter:data1\" content=\"1 minute\" \/>\n<script type=\"application\/ld+json\" class=\"yoast-schema-graph\">{\"@context\":\"https:\/\/schema.org\",\"@graph\":[{\"@type\":\"WebSite\",\"@id\":\"https:\/\/www.citizenstrade.org\/ctc\/#website\",\"url\":\"https:\/\/www.citizenstrade.org\/ctc\/\",\"name\":\"Citizens Trade Campaign\",\"description\":\"Working Together for Social and Environmental Justice in Trade  Policy\",\"potentialAction\":[{\"@type\":\"SearchAction\",\"target\":{\"@type\":\"EntryPoint\",\"urlTemplate\":\"https:\/\/www.citizenstrade.org\/ctc\/?s={search_term_string}\"},\"query-input\":\"required name=search_term_string\"}],\"inLanguage\":\"en-US\"},{\"@type\":\"WebPage\",\"@id\":\"https:\/\/www.citizenstrade.org\/ctc\/en-espanol\/el-tratado-de-libre-comercio-con-centroamerica\/#webpage\",\"url\":\"https:\/\/www.citizenstrade.org\/ctc\/en-espanol\/el-tratado-de-libre-comercio-con-centroamerica\/\",\"name\":\"El Tratado de Libre Comercio con Centroamerica - Citizens Trade Campaign\",\"isPartOf\":{\"@id\":\"https:\/\/www.citizenstrade.org\/ctc\/#website\"},\"datePublished\":\"2011-01-11T19:29:34+00:00\",\"dateModified\":\"2011-05-18T07:44:45+00:00\",\"breadcrumb\":{\"@id\":\"https:\/\/www.citizenstrade.org\/ctc\/en-espanol\/el-tratado-de-libre-comercio-con-centroamerica\/#breadcrumb\"},\"inLanguage\":\"en-US\",\"potentialAction\":[{\"@type\":\"ReadAction\",\"target\":[\"https:\/\/www.citizenstrade.org\/ctc\/en-espanol\/el-tratado-de-libre-comercio-con-centroamerica\/\"]}]},{\"@type\":\"BreadcrumbList\",\"@id\":\"https:\/\/www.citizenstrade.org\/ctc\/en-espanol\/el-tratado-de-libre-comercio-con-centroamerica\/#breadcrumb\",\"itemListElement\":[{\"@type\":\"ListItem\",\"position\":1,\"name\":\"Home\",\"item\":\"https:\/\/www.citizenstrade.org\/ctc\/\"},{\"@type\":\"ListItem\",\"position\":2,\"name\":\"En Espa\u00f1ol\",\"item\":\"https:\/\/www.citizenstrade.org\/ctc\/en-espanol\/\"},{\"@type\":\"ListItem\",\"position\":3,\"name\":\"El Tratado de Libre Comercio con Centroamerica\"}]}]}<\/script>\n<!-- \/ Yoast SEO plugin. -->","yoast_head_json":{"title":"El Tratado de Libre Comercio con Centroamerica - Citizens Trade Campaign","robots":{"index":"index","follow":"follow","max-snippet":"max-snippet:-1","max-image-preview":"max-image-preview:large","max-video-preview":"max-video-preview:-1"},"canonical":"https:\/\/www.citizenstrade.org\/ctc\/en-espanol\/el-tratado-de-libre-comercio-con-centroamerica\/","og_locale":"en_US","og_type":"article","og_title":"El Tratado de Libre Comercio con Centroamerica - Citizens Trade Campaign","og_description":"El Tratado de Libre Comercio Estados Unidos &#8211; Centroam\u00e9rica (TLC, o CAFTA por sus siglas en ingl\u00e9s) es un tratado regional de libre comercio entre los Estados Unidos y seis [&hellip;]","og_url":"https:\/\/www.citizenstrade.org\/ctc\/en-espanol\/el-tratado-de-libre-comercio-con-centroamerica\/","og_site_name":"Citizens Trade Campaign","article_modified_time":"2011-05-18T07:44:45+00:00","twitter_misc":{"Est. reading time":"1 minute"},"schema":{"@context":"https:\/\/schema.org","@graph":[{"@type":"WebSite","@id":"https:\/\/www.citizenstrade.org\/ctc\/#website","url":"https:\/\/www.citizenstrade.org\/ctc\/","name":"Citizens Trade Campaign","description":"Working Together for Social and Environmental Justice in Trade  Policy","potentialAction":[{"@type":"SearchAction","target":{"@type":"EntryPoint","urlTemplate":"https:\/\/www.citizenstrade.org\/ctc\/?s={search_term_string}"},"query-input":"required name=search_term_string"}],"inLanguage":"en-US"},{"@type":"WebPage","@id":"https:\/\/www.citizenstrade.org\/ctc\/en-espanol\/el-tratado-de-libre-comercio-con-centroamerica\/#webpage","url":"https:\/\/www.citizenstrade.org\/ctc\/en-espanol\/el-tratado-de-libre-comercio-con-centroamerica\/","name":"El Tratado de Libre Comercio con Centroamerica - Citizens Trade Campaign","isPartOf":{"@id":"https:\/\/www.citizenstrade.org\/ctc\/#website"},"datePublished":"2011-01-11T19:29:34+00:00","dateModified":"2011-05-18T07:44:45+00:00","breadcrumb":{"@id":"https:\/\/www.citizenstrade.org\/ctc\/en-espanol\/el-tratado-de-libre-comercio-con-centroamerica\/#breadcrumb"},"inLanguage":"en-US","potentialAction":[{"@type":"ReadAction","target":["https:\/\/www.citizenstrade.org\/ctc\/en-espanol\/el-tratado-de-libre-comercio-con-centroamerica\/"]}]},{"@type":"BreadcrumbList","@id":"https:\/\/www.citizenstrade.org\/ctc\/en-espanol\/el-tratado-de-libre-comercio-con-centroamerica\/#breadcrumb","itemListElement":[{"@type":"ListItem","position":1,"name":"Home","item":"https:\/\/www.citizenstrade.org\/ctc\/"},{"@type":"ListItem","position":2,"name":"En Espa\u00f1ol","item":"https:\/\/www.citizenstrade.org\/ctc\/en-espanol\/"},{"@type":"ListItem","position":3,"name":"El Tratado de Libre Comercio con Centroamerica"}]}]}},"_links":{"self":[{"href":"https:\/\/www.citizenstrade.org\/ctc\/wp-json\/wp\/v2\/pages\/20"}],"collection":[{"href":"https:\/\/www.citizenstrade.org\/ctc\/wp-json\/wp\/v2\/pages"}],"about":[{"href":"https:\/\/www.citizenstrade.org\/ctc\/wp-json\/wp\/v2\/types\/page"}],"author":[{"embeddable":true,"href":"https:\/\/www.citizenstrade.org\/ctc\/wp-json\/wp\/v2\/users\/1"}],"replies":[{"embeddable":true,"href":"https:\/\/www.citizenstrade.org\/ctc\/wp-json\/wp\/v2\/comments?post=20"}],"version-history":[{"count":0,"href":"https:\/\/www.citizenstrade.org\/ctc\/wp-json\/wp\/v2\/pages\/20\/revisions"}],"up":[{"embeddable":true,"href":"https:\/\/www.citizenstrade.org\/ctc\/wp-json\/wp\/v2\/pages\/12"}],"wp:attachment":[{"href":"https:\/\/www.citizenstrade.org\/ctc\/wp-json\/wp\/v2\/media?parent=20"}],"curies":[{"name":"wp","href":"https:\/\/api.w.org\/{rel}","templated":true}]}}